0 - 2/2). Let j be x(u). Give s(j).
-4
Let d be (30/9)/((-4)/(-30)). Suppose 10*i - d = 5*i. Let v(n) = -5*n**2 - 7*n + 6 + n**2 + i*n**2. Give v(6).
0
Let o be 1 - (2/(-1) - -6). Let g(l) = 2*l**2 + 0*l + 1 - l + 2*l**2 - 3*l**2. Let w(s) = 3*s**2 + s + 3. Let h(z) = -2*g(z) + w(z). Calculate h(o).
1
Let t(a) = -a**2 + 10*a + 4. Let u be 66/9 + (-4 - (-14)/3). Give t(u).
20
Let x(z) = 0 - 29*z + z**2 - 21*z + 1 + 42*z + 3. What is x(6)?
-8
Let j(w) = 3*w - 5. Let g(v) be the first derivative of -5*v**2 + 14*v + 1. Let f(n) = -6*g(n) - 17*j(n). Let o = 21 + -22. Determine f(o).
-8
Let y be 2/(-6*3/(-27)). Suppose -36 = -y*a - a. Suppose 2*q = -j - a, 5*q + 0*j + 3 = 4*j. Let x(f) = -f + 3. Determine x(q).
6
Suppose 0 = 5*m - 3*f + 1, 5*m - 4*f - 3 = -1. Suppose -13 = -3*r - 7. Let a(l) = l + l + 0*l - r + 2*l. Calculate a(m).
-10
Let m(j) = 4*j + 51. Let a be m(0). Let c = 48 - a. Let s(l) = l**2 + 5*l + 2. Let p(t) = t**2 + 5*t + 3. Let i(r) = -2*p(r) + 3*s(r). Give i(c).
-6
Let c(f) = -f**3 + 4*f**2 - 3*f. Let b be 36/126 - 12/(-7). Calculate c(b).
2
Let j be ((-8)/(-60))/(11/55). Let g(n) be the second derivative of 0 - 4*n - 1/12*n**4 + j*n**3 + n**2. What is g(4)?
2
Let c(v) = 20*v + 4. Let j(d) = 21*d + 5. Let f(u) = -4*c(u) + 3*j(u). What is f(1)?
-18
Suppose -3*w + 5 = 2*y, w - 4*y - 23 = -4*w. Let k(d) = 4*d**3 - 3*d**2 + 2. Let l(t) = -7*t**3 + 7*t**2 - t - 5. Let n(r) = w*l(r) + 5*k(r). Determine n(5).
5
Let p(l) = -l**2 - 41*l + 337. Let m be p(-48). Let g(d) = 12*d**2 - 6*d + 5. Let y(q) = 36*q**2 - 17*q + 14. Let i(w) = -11*g(w) + 4*y(w). What is i(m)?
11
Let b = 19 - -12. Let l = -35 + b. Let s(a) = -a**3 - 5*a**2 - 5*a + 1. What is s(l)?
5
Let g(b) be the third derivative of -b**6/120 - 13*b**5/60 - b**4/2 - 5*b**3/3 - 196*b**2. What is g(-12)?
-10
Let i = 16 - 7. Let o(p) = i - 19 + 14 - 3*p. What is o(3)?
-5
Let k(n) = n**2 + 4*n + 7. Let u(b) = -b + 9 - 7*b**3 - 3 - 9 - 2*b**2. Let l(t) = t**3 + t**2 + t + 1. Let w(z) = 2*l(z) + u(z). Let y be w(1). Give k(y).
12
Let k(w) = 3*w + 13. Suppose 0 = -4*m + 12, -2*l + 3*m = -6*l - 7. Determine k(l).
1
Let s(d) = 2*d**2 + 3*d + 4. Let r(j) = -23*j - 323. Let y be r(-14). Calculate s(y).
3
Let n(k) = -k**3 + 10*k**2 - 2*k + 10. Suppose -54*d + 56*d = 20. Determine n(d).
-10
Let q(h) be the second derivative of -h**4/4 + h**3/6 - 2*h. Let b be (-4)/(-1) + 308/7. Let d be -4*-3*4/b. Give q(d).
-2
Suppose 7*s - 56 = -0. Let m(p) = 2*p + s - 1 - 6. Calculate m(-4).
-7
Let c(b) = -5*b**2 - 3*b - 3. Let o(u) = -11*u**2 - 7*u - 6. Let k(q) = -9*c(q) + 4*o(q). Calculate k(0).
3
Let j be (2 - 0)/(-6 - -8). Suppose r + 2 = j. Let x(d) = -6*d**2 + 2*d + 1. Determine x(r).
-7
Suppose 0 = -4*a + 12, -2*g = 3*g + 3*a - 39. Let x(y) be the first derivative of 2*y**3 + 10 - 1/4*y**4 + y + 1/2*y**2. Calculate x(g).
7
Let q(n) = n**2 + 5*n + 4. Let s be (-37 + -1)*1/(-1). Let i be (-2)/(-8) - s/(-8). Suppose -4 - 21 = i*w. Give q(w).
4
Let b = 39 - 23. Let a = b + -15. Let o(p) = -p + 1. What is o(a)?
0
Suppose -10 = -5*r + 10. Let q(k) be the third derivative of 0 - 2/3*k**3 - 6*k**2 + 0*k - 1/8*k**4. Give q(r).
-16
Suppose -4*u + 7 - 35 = -4*q, 6 = 2*q - 4*u. Let m(r) = r**3 - 13*r**2 + 23*r - 7. Determine m(q).
4
Let y(t) = 5*t + 6. Let g(x) = 6*x + 6. Suppose -20 = -4*s + 7*s - w, 5 = w. Let d(k) = s*y(k) + 4*g(k). Give d(0).
-6
Let a be 15/9*9 + -8. Let h(i) = -4*i + 10. Calculate h(a).
-18
Let m(c) = -74*c + 3. Let r(o) = 36*o - 1. Let i(f) = 2*m(f) + 5*r(f). Calculate i(-1).
-31
Let w(z) = -6*z**3 - 11*z**2 + 2. Let g(r) = -7*r**3 - 10*r**2 + 3. Let a(t) = -5*g(t) + 6*w(t). Let l be a(-16). Let b(q) = -q**3 - 4*q**2 + q. Calculate b(l).
-12
Let a = 0 + 1. Let n(g) be the first derivative of -1 - g + 5/2*g**2. Determine n(a).
4
Suppose 4*r - t = 28, -5*r = -6*r + t + 7. Let f(w) = w**3 - 6*w**2 - 7*w + 5. Determine f(r).
5
Let h(k) = 0 + 5748*k**2 + 1 - 5745*k**2 + k. Let p(g) = g**3 + 2*g**2 + 2*g + 3. Let x be p(-2). What is h(x)?
3
Let m = 40 - 21. Suppose 0 = -14*q + 6*q + 16. Suppose -3*x = q*s - 18, -4*s = 3*x - 5 - m. Let n(z) = 2*z**2 - 3*z - 3. Determine n(s).
6
Let t(d) = d**3 + 5*d**2 - 5*d + 5. Let k = -11 - -19. Let s(w) = -4*w + 128. Let g be s(31). Suppose g*b + 16 = -k. Determine t(b).
-1
Let c = 17 + -13. Let a(k) be the second derivative of -1/6*k**3 + 5/2*k**2 - c*k + 0. Calculate a(8).
-3
Suppose -22*k - 182 = 4*k. Let t(q) be the first derivative of q**4/12 + 4*q**3/3 + 4*q**2 + q + 2. Let f(n) be the first derivative of t(n). Give f(k).
1
Let s(u) = u**3 - 5. Let i(y) = -12*y**3 - 2*y - 11. Let b(h) = i(h) - 2*s(h). Calculate b(-1).
15
Suppose -2*h - 38 - 26 = 0. Let m be -9*(h/(-12) - 2). Let p(f) be the third derivative of f**6/120 + f**5/10 - f**4/24 + f**3/6 + f**2. Determine p(m).
7
Let u(m) = -4*m**2 + 6*m + 5. Let n(x) = -x + 21 - x**2 - 10 - 12. Let p(d) = -2*n(d) - u(d). Determine p(-2).
29
Let j(k) = 3*k + 77. Let z be j(-25). Let n(x) be the second derivative of -1/12*x**4 + 3/2*x**z - 5*x + 1/2*x**3 + 0. Calculate n(5).
-7
Let o(d) = -3*d + 1. Let a(m) = -m. Let l(k) = -a(k) + o(k). Let z be (9/(-12) - 0)/(9*7/(-252)). Give l(z).
-5
Let k(u) = -13*u - 2*u + 12*u + 4 + 5. Give k(6).
-9
Suppose 5*w + 7 = 32, 3*j = 4*w + 31. Let z(i) = 9 + i - j + 9. Determine z(-2).
-1
Let t(p) be the third derivative of 5*p**4/24 - p**3/3 - 573*p**2. Let n(u) = 2*u**3 + u. Let v be n(1). Give t(v).
13
Let h(k) = -3*k - 7. Let c be (8/36)/((-2)/(6*-3)). Suppose 0 = c*i + 22 - 10. Determine h(i).
11
Let j = 115 - 109. Let b(f) = f**3 - 5*f**2 - 7*f + 6. What is b(j)?
0
Let m be 28/(-4) + ((-128)/(-2))/8. Let n(z) = 2*z**2 - 3*z + 3. What is n(m)?
2
Let p(n) = -3*n**3 - 2*n**2 - 9*n - 5. Let d(r) = -r**3 - r**2 - 2*r - 1. Let c(l) = -5*d(l) + p(l). Suppose -h - 6 = 1. Let k = 5 + h. What is c(k)?
-6
Let j(d) = d**2 - 42 - 2*d - 45 - 3*d + 88. What is j(5)?
1
Let h(d) = -d**3 - 2*d - 3. Suppose 15 = 5*n + 4*z, 0 = -0*n - 4*n - 5*z + 12. Suppose -a - 4*r - 6 = 0, n*a = 4*r - 3 + 1. What is h(a)?
9
Let s(t) = t**3 - 8*t**2 - 10*t + 1. Suppose 27 - 18 = a. Calculate s(a).
-8
Let b(q) = -q**3 - 12*q**2 - 9*q + 8. Let g be 0/12 + -10 + -1. Give b(g).
-14
Let s be 19/38 + 9/(-6) - 7. Let m(x) = -x - 4. Calculate m(s).
4
Let x = 18 + -13. Let w(g) = g + 3. Let u be w(3). Let v(o) = o**3 - o + 1. Let z(n) = 5*n**3 + 4*n**2 + 4. Let l(i) = u*v(i) - z(i). What is l(x)?
-3
Let b(h) = 33*h**3 - 1 - 29*h**3 - 14*h**3 - 2*h. Let i = -9 - -13. Suppose 1 = -i*g - 3. What is b(g)?
11
Let r(j) = 3*j - 23. Let u be r(10). Let w(v) = v + 12. Let c be w(-10). Let g(b) = 4*b**c - 7*b**2 + 6*b + 2*b**2 + 4. Determine g(u).
-3
Let w(p) = -7*p + 71. Let d(h) = 20*h - 201. Let a(t) = -6*d(t) - 17*w(t). What is a(1)?
-2
Let n(h) = 2*h**2 + 5 + h**3 - 3*h**2 + 0*h**2. Let y(p) = -p**2 - 8*p. Let v be y(-8). Calculate n(v).
5
Let q(d) = 2*d**2 + 10*d - d - 3*d**2 - 6*d - 6*d. Suppose -f - 5 = -0. Determine q(f).
-10
Let y(k) = -5*k**2 + 2*k**3 - 799*k + 4 + 0*k**3 + 801*k. Give y(3).
19
Let v be ((-20)/3*3)/(-5 + 3). Let z(p) = 19 - 8 + p - v. Give z(-2).
-1
Let m(b) = b**3 + 2*b**2 - 4*b. Let c be ((-30)/12)/(((-4)/2)/8). Suppose 13*v = c*v - 9. What is m(v)?
3
Suppose -3*j = 15, -4*q - 2*j - 23 = -3*q. Let g(d) = d + 9. Let b be g(q). Let s(v) be the second derivative of v**3/3 + v**2 + v - 41. What is s(b)?
-6
Let k(l) = l + 2. Suppose 0 = 3*p - 2*q - 66, -2*q = 5*p - 3*q - 117. Suppose -p = -3*j - j. Determine k(j).
8
Let t(o) be the third derivative of -1/24*o**4 + 1/360*o**6 + 1/2*o**3 - o**2 + 0 + 0*o - 1/20*o**5. Let y(a) be the first derivative of t(a). What is y(6)?
-1
Suppose -2*q = 5*b - 5 - 9, 0 = -2*b + 8. Let s(j) = j**3 + 4*j**2 + 4*j. What is s(q)?
-3
Let k be (2 - -2)/((-56)/(-84)). Let p(f) = 3*f - 3*f**2 + 0*f**2 + f**3 - 3*f**2 - 9. Calculate p(k).
9
Let g be 4/2 - (-37 + 12). Suppose -4*v = -b - 3*v + g, -105 = -5*b - 5*v. Let t be (-10)/(-4)*b/(-15). Let k(s) = -3*s + 2. What is k(t)?
14
Let v(l) = -5*l**2 - l + 10. Let a(x) = x**3 - x**2 + x - 1. Let m(f) = a(f) + v(f). Let b be m(6). Let w(r) = r - 2. Calculate w(b).
7
Let j(w) = 23*w**2 - 9*w + 3. Let z(l) = -12*l**2 + 5*l - 2. Let m(k) = -3*j(k) - 5*z(k). Let o be 2 - 45/(-12)*8/3. Let c be o/(-18)*6/4. What is m(c)?
-10
Suppose